{"id":787,"date":"2020-07-04T22:55:56","date_gmt":"2020-07-04T22:55:56","guid":{"rendered":"https:\/\/laperdiz.com.uy\/?page_id=787"},"modified":"2020-09-06T19:39:23","modified_gmt":"2020-09-06T22:39:23","slug":"catering","status":"publish","type":"page","link":"https:\/\/laperdiz.com.uy\/index.php\/catering\/","title":{"rendered":"Catering"},"content":{"rendered":"\t\t<div data-elementor-type=\"wp-page\" data-elementor-id=\"787\" class=\"elementor elementor-787\">\n\t\t\t\t\t\t<section class=\"elementor-section elementor-top-section elementor-element elementor-element-4b453f3 elementor-section-boxed elementor-section-height-default elementor-section-height-default\" data-id=\"4b453f3\" data-element_type=\"section\" data-e-type=\"section\" data-settings=\"{&quot;background_background&quot;:&quot;classic&quot;}\">\n\t\t\t\t\t\t\t<div class=\"elementor-background-overlay\"><\/div>\n\t\t\t\t\t\t\t<div class=\"elementor-container elementor-column-gap-default\">\n\t\t\t\t\t<div class=\"elementor-column elementor-col-100 elementor-top-column elementor-element elementor-element-04dc246\" data-id=\"04dc246\" data-element_type=\"column\" data-e-type=\"column\">\n\t\t\t<div class=\"elementor-widget-wrap elementor-element-populated\">\n\t\t\t\t\t\t<div class=\"elementor-element elementor-element-0f09bc8 elementor-widget elementor-widget-heading\" data-id=\"0f09bc8\" data-element_type=\"widget\" data-e-type=\"widget\" data-widget_type=\"heading.default\">\n\t\t\t\t<div class=\"elementor-widget-container\">\n\t\t\t\t\t<h1 class=\"elementor-heading-title elementor-size-default\"><a href=\"#\">catering<\/a><\/h1>\t\t\t\t<\/div>\n\t\t\t\t<\/div>\n\t\t\t\t\t<\/div>\n\t\t<\/div>\n\t\t\t\t\t<\/div>\n\t\t<\/section>\n\t\t\t\t<section class=\"elementor-section elementor-top-section elementor-element elementor-element-e033cee elementor-section-boxed elementor-section-height-default elementor-section-height-default\" data-id=\"e033cee\" data-element_type=\"section\" data-e-type=\"section\">\n\t\t\t\t\t\t<div class=\"elementor-container elementor-column-gap-default\">\n\t\t\t\t\t<div class=\"elementor-column elementor-col-100 elementor-top-column elementor-element elementor-element-e76e816\" data-id=\"e76e816\" data-element_type=\"column\" data-e-type=\"column\">\n\t\t\t<div class=\"elementor-widget-wrap elementor-element-populated\">\n\t\t\t\t\t\t<div class=\"elementor-element elementor-element-93e7932 elementor-view-default elementor-position-block-start elementor-mobile-position-block-start elementor-widget elementor-widget-icon-box\" data-id=\"93e7932\" data-element_type=\"widget\" data-e-type=\"widget\" data-widget_type=\"icon-box.default\">\n\t\t\t\t<div class=\"elementor-widget-container\">\n\t\t\t\t\t\t\t<div class=\"elementor-icon-box-wrapper\">\n\n\t\t\t\t\t\t<div class=\"elementor-icon-box-icon\">\n\t\t\t\t<span  class=\"elementor-icon\">\n\t\t\t\t<svg xmlns=\"http:\/\/www.w3.org\/2000\/svg\" viewBox=\"0 0 646.54 578.83\"><defs><style>.cls-1{fill-rule:evenodd;}<\/style><\/defs><title>Recurso 4<\/title><g id=\"Capa_2\" data-name=\"Capa 2\"><g id=\"Capa_1-2\" data-name=\"Capa 1\"><path class=\"cls-1\" d=\"M622.87,22C611,11.65,604.85,1.69,587.34.17S510.76,5.46,486.7,119.28c-24,30.56-42.62,37.45-65.82,44.66-126.55,20.92-222,59.8-293.83,144.56C85,325.75,43.17,342.35,2.46,354.34-3.47,357.43,2.77,366,6,367.76c33.64,5.63,62-.25,98.24-2.45,34.08,4.16,68.65,7.59,102.74,7.84,22.65,16.12,45.84,29.28,73.85,40.06,3.63,24.76,5.14,52.85-5.68,76.3-89.06,16-163.25,45.33-218.5,79.34-5.58,3.44-7.54,9.4-7.17,10,75.45-34.44,156.05-61.73,255.05-63.47,25.91,3.11,50.75,11,74.05,25.86-.68-8.62-6.76-20.18-11.37-28.8,15.71,15.78,19.85,24.54,45.45,30q12.93-3.93,8.23-11.76c-22.53-10.92-43.05-23.55-56.42-42.31q-4.69-22.92-9.4-45.84-2.16-15.87,21.16-20c40.63-4.39,166.07-59.43,197.79-158.67S585.18,144,583.07,84a175.27,175.27,0,0,0,35.26-33.79C629.75,45.55,646,44.1,646.54,37,637.05,32.3,630,28.21,622.87,22ZM327.08,484.44c-2.82,18.76-8.46,3.6-8.46,3.6l-2.31-65C321.7,430.5,329.9,465.69,327.08,484.44ZM577.77,44a13.2,13.2,0,0,1-2.67-26.12c4.09-.68,0,.5-.06.72-.37,4.53-.31,2.54.06,7.6a14.47,14.47,0,0,0,5.33,0c.61-5.22.53-3.09,0-7.84,0-.15-4.06-.94,0-.48A13.2,13.2,0,0,1,577.77,44Z\"><\/path><\/g><\/g><\/svg>\t\t\t\t<\/span>\n\t\t\t<\/div>\n\t\t\t\n\t\t\t\t\t\t<div class=\"elementor-icon-box-content\">\n\n\t\t\t\t\t\t\t\t\t<h3 class=\"elementor-icon-box-title\">\n\t\t\t\t\t\t<span  >\n\t\t\t\t\t\t\tCatering y eventos la Perdiz\t\t\t\t\t\t<\/span>\n\t\t\t\t\t<\/h3>\n\t\t\t\t\n\t\t\t\t\t\t\t\t\t<p class=\"elementor-icon-box-description\">\n\t\t\t\t\t\t\n15 A\u00d1OS DE TRAYECTORIA EN LA GASTRONOM\u00cdA DE MONTEVIDEO\nEn estos  15 a\u00f1os de trayectoria en la Gastronom\u00eda de Montevideo, nuestra clientela nos ha solicitado la realizaci\u00f3n de eventos de todo tipo, sociales, empresariales, etc., los cuales se atend\u00edan, como una actividad complementaria a la del Restaurant.\n\nEn este a\u00f1o 2018, hemos tomado el desaf\u00edo de desarrollar y potenciar, nuestro servicio de Catering, con la misma filosof\u00eda, con la cual hemos encarado estos 15 a\u00f1os, en nuestro restaurant: la obsesi\u00f3n por los detalles, y la generaci\u00f3n de experiencias memorables para nuestros clientes.\n\nDesde peque\u00f1as reuniones, familiares, almuerzos in Company, hasta eventos de todo tipo en diferentes locaciones,(chacras, salones, etc.). Cons\u00faltenos!! Nuestro equipo profesional, trabajara junto a Ud., para lograr la mejor experiencia para sus invitados.\t\t\t\t\t<\/p>\n\t\t\t\t\n\t\t\t<\/div>\n\t\t\t\n\t\t<\/div>\n\t\t\t\t\t\t<\/div>\n\t\t\t\t<\/div>\n\t\t\t\t\t<\/div>\n\t\t<\/div>\n\t\t\t\t\t<\/div>\n\t\t<\/section>\n\t\t\t\t<section class=\"elementor-section elementor-top-section elementor-element elementor-element-acbb863 elementor-section-boxed elementor-section-height-default elementor-section-height-default\" data-id=\"acbb863\" data-element_type=\"section\" data-e-type=\"section\">\n\t\t\t\t\t\t<div class=\"elementor-container elementor-column-gap-default\">\n\t\t\t\t\t<div class=\"elementor-column elementor-col-100 elementor-top-column elementor-element elementor-element-40c1952\" data-id=\"40c1952\" data-element_type=\"column\" data-e-type=\"column\">\n\t\t\t<div class=\"elementor-widget-wrap elementor-element-populated\">\n\t\t\t\t\t\t<div class=\"elementor-element elementor-element-5ad3596 elementor-arrows-position-outside elementor-pagination-position-outside elementor-widget elementor-widget-image-carousel\" data-id=\"5ad3596\" data-element_type=\"widget\" data-e-type=\"widget\" data-settings=\"{&quot;slides_to_show&quot;:&quot;3&quot;,&quot;slides_to_scroll&quot;:&quot;1&quot;,&quot;navigation&quot;:&quot;both&quot;,&quot;autoplay&quot;:&quot;yes&quot;,&quot;pause_on_hover&quot;:&quot;yes&quot;,&quot;pause_on_interaction&quot;:&quot;yes&quot;,&quot;autoplay_speed&quot;:5000,&quot;infinite&quot;:&quot;yes&quot;,&quot;speed&quot;:500}\" data-widget_type=\"image-carousel.default\">\n\t\t\t\t<div class=\"elementor-widget-container\">\n\t\t\t\t\t\t\t<div class=\"elementor-image-carousel-wrapper swiper\" role=\"region\" aria-roledescription=\"carousel\" aria-label=\"Carrusel de im\u00e1genes\" dir=\"ltr\">\n\t\t\t<div class=\"elementor-image-carousel swiper-wrapper swiper-image-stretch\" aria-live=\"off\">\n\t\t\t\t\t\t\t\t<div class=\"swiper-slide\" role=\"group\" aria-roledescription=\"slide\" aria-label=\"1 de 13\"><figure class=\"swiper-slide-inner\"><img decoding=\"async\" class=\"swiper-slide-image\" src=\"https:\/\/laperdiz.com.uy\/wp-content\/uploads\/elementor\/thumbs\/20190830_211700-ow75zdcyk4j9qpg73jhdrpdzh540mol7e6hag8c1tw.jpg\" alt=\"20190830_211700\" \/><\/figure><\/div><div class=\"swiper-slide\" role=\"group\" aria-roledescription=\"slide\" aria-label=\"2 de 13\"><figure class=\"swiper-slide-inner\"><img decoding=\"async\" class=\"swiper-slide-image\" src=\"https:\/\/laperdiz.com.uy\/wp-content\/uploads\/elementor\/thumbs\/20190830_211616-ow75zajfzmfervkak09i283lozhwzla0dsiu0eg8ck.jpg\" alt=\"20190830_211616\" \/><\/figure><\/div><div class=\"swiper-slide\" role=\"group\" aria-roledescription=\"slide\" aria-label=\"3 de 13\"><figure class=\"swiper-slide-inner\"><img decoding=\"async\" class=\"swiper-slide-image\" src=\"https:\/\/laperdiz.com.uy\/wp-content\/uploads\/elementor\/thumbs\/20190830_211514-ow75z4weum7ou7shgxtqn9iu4o9ppenmd0lx4qoldw.jpg\" alt=\"20190830_211514\" \/><\/figure><\/div><div class=\"swiper-slide\" role=\"group\" aria-roledescription=\"slide\" aria-label=\"4 de 13\"><figure class=\"swiper-slide-inner\"><img decoding=\"async\" class=\"swiper-slide-image\" src=\"https:\/\/laperdiz.com.uy\/wp-content\/uploads\/elementor\/thumbs\/FB_IMG_1574433295682-ow766cbv8w2tulbne1yrrg2230r0pv9jconxl3zxok.jpg\" alt=\"FB_IMG_1574433295682\" \/><\/figure><\/div><div class=\"swiper-slide\" role=\"group\" aria-roledescription=\"slide\" aria-label=\"5 de 13\"><figure class=\"swiper-slide-inner\"><img decoding=\"async\" class=\"swiper-slide-image\" src=\"https:\/\/laperdiz.com.uy\/wp-content\/uploads\/elementor\/thumbs\/20191024_050038-scaled-ow764ij5yhkr9vz829ivwwnsi1rbr20brmzxzqphs4.jpg\" alt=\"20191024_050038\" \/><\/figure><\/div><div class=\"swiper-slide\" role=\"group\" aria-roledescription=\"slide\" aria-label=\"6 de 13\"><figure class=\"swiper-slide-inner\"><img decoding=\"async\" class=\"swiper-slide-image\" src=\"https:\/\/laperdiz.com.uy\/wp-content\/uploads\/elementor\/thumbs\/20191024_045924-scaled-ow763v177mol7mxcvhd7okl9nez5emf1ceosztoc3o.jpg\" alt=\"20191024_045924\" \/><\/figure><\/div><div class=\"swiper-slide\" role=\"group\" aria-roledescription=\"slide\" aria-label=\"7 de 13\"><figure class=\"swiper-slide-inner\"><img decoding=\"async\" class=\"swiper-slide-image\" src=\"https:\/\/laperdiz.com.uy\/wp-content\/uploads\/elementor\/thumbs\/20191024_045640-scaled-ow762vbbzxboygd8o1xe1tlr2rv7a4h8jhwcrb5ao4.jpg\" alt=\"20191024_045640\" \/><\/figure><\/div><div class=\"swiper-slide\" role=\"group\" aria-roledescription=\"slide\" aria-label=\"8 de 13\"><figure class=\"swiper-slide-inner\"><img decoding=\"async\" class=\"swiper-slide-image\" src=\"https:\/\/laperdiz.com.uy\/wp-content\/uploads\/elementor\/thumbs\/20191023_121132-scaled-ow762dgee2n8tv36kc7h8g3zsgb87vic51i4n1vryc.jpg\" alt=\"20191023_121132\" \/><\/figure><\/div><div class=\"swiper-slide\" role=\"group\" aria-roledescription=\"slide\" aria-label=\"9 de 13\"><figure class=\"swiper-slide-inner\"><img decoding=\"async\" class=\"swiper-slide-image\" src=\"https:\/\/laperdiz.com.uy\/wp-content\/uploads\/elementor\/thumbs\/20191015_184720-scaled-ow761qw9u1sd37zy82gfklsxj7ef350s1xuh4et83o.jpg\" alt=\"20191015_184720\" \/><\/figure><\/div><div class=\"swiper-slide\" role=\"group\" aria-roledescription=\"slide\" aria-label=\"10 de 13\"><figure class=\"swiper-slide-inner\"><img decoding=\"async\" class=\"swiper-slide-image\" src=\"https:\/\/laperdiz.com.uy\/wp-content\/uploads\/elementor\/thumbs\/20191015_183855-scaled-ow76167tnp01zstzktin1r0sgq8cdsqon3hskbnvwk.jpg\" alt=\"20191015_183855\" \/><\/figure><\/div><div class=\"swiper-slide\" role=\"group\" aria-roledescription=\"slide\" aria-label=\"11 de 13\"><figure class=\"swiper-slide-inner\"><img decoding=\"async\" class=\"swiper-slide-image\" src=\"https:\/\/laperdiz.com.uy\/wp-content\/uploads\/elementor\/thumbs\/20191015_180324-scaled-ow760e0nynxgbhyy5hbtyy4yn63byvmqj7x860tp38.jpg\" alt=\"20191015_180324\" \/><\/figure><\/div><div class=\"swiper-slide\" role=\"group\" aria-roledescription=\"slide\" aria-label=\"12 de 13\"><figure class=\"swiper-slide-inner\"><img decoding=\"async\" class=\"swiper-slide-image\" src=\"https:\/\/laperdiz.com.uy\/wp-content\/uploads\/elementor\/thumbs\/20191015_161416-scaled-ow75zon0u4ypm0zt9ocwlmjilrkf71tzfqb47jvbr8.jpg\" alt=\"20191015_161416\" \/><\/figure><\/div><div class=\"swiper-slide\" role=\"group\" aria-roledescription=\"slide\" aria-label=\"13 de 13\"><figure class=\"swiper-slide-inner\"><img decoding=\"async\" class=\"swiper-slide-image\" src=\"https:\/\/laperdiz.com.uy\/wp-content\/uploads\/elementor\/thumbs\/FB_IMG_1574433456328-ow766e7jmk5eht8x32s0wfkz9shr59h00xywjnx5c4.jpg\" alt=\"FB_IMG_1574433456328\" \/><\/figure><\/div>\t\t\t<\/div>\n\t\t\t\t\t\t\t\t\t\t\t\t<div class=\"elementor-swiper-button elementor-swiper-button-prev\" role=\"button\" tabindex=\"0\">\n\t\t\t\t\t\t<i aria-hidden=\"true\" class=\"eicon-chevron-left\"><\/i>\t\t\t\t\t<\/div>\n\t\t\t\t\t<div class=\"elementor-swiper-button elementor-swiper-button-next\" role=\"button\" tabindex=\"0\">\n\t\t\t\t\t\t<i aria-hidden=\"true\" class=\"eicon-chevron-right\"><\/i>\t\t\t\t\t<\/div>\n\t\t\t\t\n\t\t\t\t\t\t\t\t\t<div class=\"swiper-pagination\"><\/div>\n\t\t\t\t\t\t\t\t\t<\/div>\n\t\t\t\t\t\t<\/div>\n\t\t\t\t<\/div>\n\t\t\t\t\t<\/div>\n\t\t<\/div>\n\t\t\t\t\t<\/div>\n\t\t<\/section>\n\t\t\t\t<section class=\"elementor-section elementor-top-section elementor-element elementor-element-cdd5e2b elementor-section-boxed elementor-section-height-default elementor-section-height-default\" data-id=\"cdd5e2b\" data-element_type=\"section\" data-e-type=\"section\">\n\t\t\t\t\t\t<div class=\"elementor-container elementor-column-gap-default\">\n\t\t\t\t\t<div class=\"elementor-column elementor-col-100 elementor-top-column elementor-element elementor-element-a956745\" data-id=\"a956745\" data-element_type=\"column\" data-e-type=\"column\">\n\t\t\t<div class=\"elementor-widget-wrap\">\n\t\t\t\t\t\t\t<\/div>\n\t\t<\/div>\n\t\t\t\t\t<\/div>\n\t\t<\/section>\n\t\t\t\t<\/div>\n\t\t","protected":false},"excerpt":{"rendered":"<p>catering Recurso 4 Catering y eventos la Perdiz 15 A\u00d1OS DE TRAYECTORIA EN LA GASTRONOM\u00cdA DE MONTEVIDEO En estos 15 a\u00f1os de trayectoria en la Gastronom\u00eda de Montevideo, nuestra clientela nos ha solicitado la realizaci\u00f3n de eventos de todo tipo, sociales, empresariales, etc., los cuales se atend\u00edan, como una actividad complementaria a la del Restaurant. [&hellip;]<\/p>\n","protected":false},"author":1,"featured_media":0,"parent":0,"menu_order":0,"comment_status":"closed","ping_status":"closed","template":"","meta":{"site-sidebar-layout":"no-sidebar","site-content-layout":"page-builder","ast-site-content-layout":"default","site-content-style":"default","site-sidebar-style":"default","ast-global-header-display":"","ast-banner-title-visibility":"","ast-main-header-display":"","ast-hfb-above-header-display":"","ast-hfb-below-header-display":"","ast-hfb-mobile-header-display":"","site-post-title":"disabled","ast-breadcrumbs-content":"","ast-featured-img":"","footer-sml-layout":"","ast-disable-related-posts":"","theme-transparent-header-meta":"default","adv-header-id-meta":"","stick-header-meta":"","header-above-stick-meta":"","header-main-stick-meta":"","header-below-stick-meta":"","astra-migrate-meta-layouts":"default","ast-page-background-enabled":"default","ast-page-background-meta":{"desktop":{"background-color":"","background-image":"","background-repeat":"repeat","background-position":"center center","background-size":"auto","background-attachment":"scroll","background-type":"","background-media":"","overlay-type":"","overlay-color":"","overlay-opacity":"","overlay-gradient":""},"tablet":{"background-color":"","background-image":"","background-repeat":"repeat","background-position":"center center","background-size":"auto","background-attachment":"scroll","background-type":"","background-media":"","overlay-type":"","overlay-color":"","overlay-opacity":"","overlay-gradient":""},"mobile":{"background-color":"","background-image":"","background-repeat":"repeat","background-position":"center center","background-size":"auto","background-attachment":"scroll","background-type":"","background-media":"","overlay-type":"","overlay-color":"","overlay-opacity":"","overlay-gradient":""}},"ast-content-background-meta":{"desktop":{"background-color":"var(--ast-global-color-5)","background-image":"","background-repeat":"repeat","background-position":"center center","background-size":"auto","background-attachment":"scroll","background-type":"","background-media":"","overlay-type":"","overlay-color":"","overlay-opacity":"","overlay-gradient":""},"tablet":{"background-color":"var(--ast-global-color-5)","background-image":"","background-repeat":"repeat","background-position":"center center","background-size":"auto","background-attachment":"scroll","background-type":"","background-media":"","overlay-type":"","overlay-color":"","overlay-opacity":"","overlay-gradient":""},"mobile":{"background-color":"var(--ast-global-color-5)","background-image":"","background-repeat":"repeat","background-position":"center center","background-size":"auto","background-attachment":"scroll","background-type":"","background-media":"","overlay-type":"","overlay-color":"","overlay-opacity":"","overlay-gradient":""}},"footnotes":""},"class_list":["post-787","page","type-page","status-publish","hentry"],"_links":{"self":[{"href":"https:\/\/laperdiz.com.uy\/index.php\/wp-json\/wp\/v2\/pages\/787","targetHints":{"allow":["GET"]}}],"collection":[{"href":"https:\/\/laperdiz.com.uy\/index.php\/wp-json\/wp\/v2\/pages"}],"about":[{"href":"https:\/\/laperdiz.com.uy\/index.php\/wp-json\/wp\/v2\/types\/page"}],"author":[{"embeddable":true,"href":"https:\/\/laperdiz.com.uy\/index.php\/wp-json\/wp\/v2\/users\/1"}],"replies":[{"embeddable":true,"href":"https:\/\/laperdiz.com.uy\/index.php\/wp-json\/wp\/v2\/comments?post=787"}],"version-history":[{"count":1,"href":"https:\/\/laperdiz.com.uy\/index.php\/wp-json\/wp\/v2\/pages\/787\/revisions"}],"predecessor-version":[{"id":965,"href":"https:\/\/laperdiz.com.uy\/index.php\/wp-json\/wp\/v2\/pages\/787\/revisions\/965"}],"wp:attachment":[{"href":"https:\/\/laperdiz.com.uy\/index.php\/wp-json\/wp\/v2\/media?parent=787"}],"curies":[{"name":"wp","href":"https:\/\/api.w.org\/{rel}","templated":true}]}}